{"id":4527,"date":"2013-11-18T10:59:08","date_gmt":"2013-11-18T10:59:08","guid":{"rendered":"http:\/\/demo.qodeinteractive.com\/elision\/?page_id=4527"},"modified":"2015-04-12T22:22:27","modified_gmt":"2015-04-12T22:22:27","slug":"lista-sonorizacao","status":"publish","type":"page","link":"http:\/\/jeffersom.com.br\/v21\/lista-sonorizacao\/","title":{"rendered":"Sonoriza\u00e7\u00e3o"},"content":{"rendered":"<div  class=\"wpb_row vc_row-fluid\" style=\"text-align:left;\">\n\t<div class=\"vc_span3 wpb_column column_container\">\n\t\t<div class=\"wpb_wrapper\">\n\t\t\t<span class=\"fa-stack q_font_awsome_icon_stack fa-5x pull-center q_icon_animation\" style=\" \"><i class=\"fa fa-circle fa-stack-base fa-stack-2x\" style=\"\"><\/i><i class=\"fa fa-music fa-stack-1x\" style=\"\"><\/i><\/span>\n\t<div class=\"wpb_text_column wpb_content_element \">\n\t\t<div class=\"wpb_wrapper\">\n\t\t\t<h3 style=\"text-align: center;\">Rela\u00e7\u00e3o de equipamentos de<\/h3>\n<h3 style=\"text-align: center;\">Sonoriza\u00e7\u00e3o<\/h3>\n\n\t\t<\/div> \n\t<\/div> \n\t\t<\/div> \n\t<\/div> \n\n\t<div class=\"vc_span9 wpb_column column_container\">\n\t\t<div class=\"wpb_wrapper\">\n\t\t\t\n\t<div class=\"wpb_raw_code wpb_content_element wpb_raw_html\">\n\t\t<div class=\"wpb_wrapper\">\n\t\t\t<p class=\"MsoNormal\"><b>CAIXAS DE SOM <\/b><\/p>\n<p class=\"MsoNormal\">16 caixas de som line array aero 50 das.<\/p>\n<p class=\"MsoNormal\">32 caixas de som line array aero 12 das.<\/p>\n<p class=\"MsoNormal\">48 caixas de som line array staner la 902<\/p>\n<p class=\"MsoNormal\">24 caixas de sub grave sb 850 eaw cover VS.<\/p>\n<p class=\"MsoNormal\">72 caixas de sub grave sth-18 spl. <\/p>\n<p class=\"MsoNormal\">28 caixas de som Meyer sound 222 cover VS.<\/p>\n<p class=\"MsoNormal\">24 caixa de som L1 compact system BOSE - <\/p>\n<p class=\"MsoNormal\">16&nbsp; caixas de som jbl eon 515 xt.<\/p>\n<p class=\"MsoNormal\">08 caixas de som sub grave JBL 518S <\/p>\n<p class=\"MsoNormal\">08 caixa de som 15 SR 315 A STANER.<\/p>\n<p class=\"MsoNormal\">40 caixas de som staner PS 100 passiva (som de linha)<\/p>\n<p class=\"MsoNormal\">32 retornos clayr brothres 222 cover VS.<\/p>\n<p class=\"MsoNormal\">12 retornos sm 400 eaw cover VS.<\/p>\n<p class=\"MsoNormal\"><b>AMPLIFICA\u00c7\u00c3O<\/b><\/p>\n<p class=\"MsoNormal\">08 amplificadores X12 studio r de 12.000w.<\/p>\n<p class=\"MsoNormal\">24 amplificadores X5 studio r de 5000w cada<\/p>\n<p class=\"MsoNormal\">12 amplificadores XD studio r de 3600w cada.<\/p>\n<p class=\"MsoNormal\">14 amplificadores&nbsp; 1225 silver line 8000w<\/p>\n<p class=\"MsoNormal\">14 amplificadores&nbsp; 825 silver line de 4000w<\/p>\n<p class=\"MsoNormal\">08 amplificadores&nbsp; 625 silver line de 2000w<\/p>\n<p class=\"MsoNormal\">14 amplificadores 525 silver line de 1000w<\/p>\n<p class=\"MsoNormal\"><b>MESAS DE SOM<\/b><\/p>\n<p class=\"MsoNormal\">02 mesas de som digdesign venue mix rack plus.<\/p>\n<p class=\"MsoNormal\">01 mesa de som Yamaha PM5-D <\/p>\n<p class=\"MsoNormal\">01 mesas se som Yamaha M7 CL 48 com placa para 24 vias e \nmeter bridige.<\/p>\n<p class=\"MsoNormal\">02 mesas de som Yamaha LS-9 32 com placa para e Ada para 48 \ncanais inputs.<\/p>\n<p class=\"MsoNormal\">06 mesas de som Behringuer X 32.<\/p>\n<p class=\"MsoNormal\">08 mesas de som soundcraft&nbsp; EFX 12 de 12 canais<\/p>\n<p class=\"MsoNormal\">02 mesas de som soundcraft&nbsp; EPM 08 de 08 canais<\/p>\n<p class=\"MsoNormal\"><b>PERIFERICOS E PROCESSAMENTO<\/b><\/p>\n<p class=\"MsoNormal\">02 processaor DBX drive rack 4800.<\/p>\n<p class=\"MsoNormal\">07 processadores DBX drive rack 260.<\/p>\n<p class=\"MsoNormal\">03 processadores DBX drive rack PA.<\/p>\n<p class=\"MsoNormal\">02 processadores DBX drive rack PA+<\/p>\n<p class=\"MsoNormal\">04 conversores ADA 8000 behringuer.<\/p>\n<p class=\"MsoNormal\">04 equalizadores c\u00edclotron&nbsp; tge 2313 x<\/p>\n<p class=\"MsoNormal\">01 equalizador hot sound 31 canais stereo.<\/p>\n<p class=\"MsoNormal\">06 Power paly de 08 canais.<\/p>\n<p class=\"MsoNormal\">03 spx Yamaha 990<\/p>\n<p class=\"MsoNormal\"><b>BACKSTAGE<\/b><\/p>\n<p class=\"MsoNormal\">02 amplificador de guitarra MARSSHAL JCM 900 COM caixa.<\/p>\n<p class=\"MsoNormal\">01 amplificador de guitarra FENDER TWING.<\/p>\n<p class=\"MsoNormal\">03 amplificador de guitarra FENDER TWING REVERB.<\/p>\n<p class=\"MsoNormal\">02 amplificador de guitarra ROLAND JAZZ CHORUS JCM 120.<\/p>\n<p class=\"MsoNormal\">02 amplificadores de guitarra METEORO VECTOR III COM CAIXA.<\/p>\n<p class=\"MsoNormal\">01 amplficador de baixo GK 800 com caixa 1 de 15 e caixa 4 \nde 10.<\/p>\n<p class=\"MsoNormal\">01 amplficador de baixo hartke system HA 5500 com caixa 1 \nde 15 e caixa 4 de 10.<\/p>\n<p class=\"MsoNormal\">01 amplficador de baixo hartke system HA 3500 com caixa 1 \nde 15 e caixa 4 de 10.<\/p>\n<p class=\"MsoNormal\">01 amplficador de baixo hartke system HA 2500 com caixa 1 \nde 15 e caixa 4 de 10.<\/p>\n<p class=\"MsoNormal\">01 amplficador de baixo ampeg svt classic valvulado com 1 \ncaixa com 8 falantes de 8<\/p>\n<p class=\"MsoNormal\"><b>MATERIAL PARA DJ<\/b><\/p>\n<p class=\"MsoNormal\">01 mixador Pioneer djm 350<\/p>\n<p class=\"MsoNormal\">01 mixador Pioneer djm 400<\/p>\n<p class=\"MsoNormal\">01 mixador Pioneer djm 500<\/p>\n<p class=\"MsoNormal\">01 mixador Pioneer djm 600<\/p>\n<p class=\"MsoNormal\">01 mixador Pioneer djm 700<\/p>\n<p class=\"MsoNormal\">01 mixador Pioneer djm 800<\/p>\n<p class=\"MsoNormal\"><span lang=\"EN-US\">01 mixador Pioneer djm 900 NEXUS<\/span><\/p>\n<p class=\"MsoNormal\"><span lang=\"EN-US\">02 cdj 2000 Pioneer NEXUS<\/span><\/p>\n<p class=\"MsoNormal\"><span lang=\"EN-US\">02 cdj 2000 Pioneer<\/span><\/p>\n<p class=\"MsoNormal\"><span lang=\"EN-US\">02 cdj 400s Pioneer<\/span><\/p>\n<p class=\"MsoNormal\"><span lang=\"EN-US\">06 cdj 350 Pioneer<\/span><\/p>\n<p class=\"MsoNormal\"><b>FONE E &nbsp;MICROFONES <\/b><\/p>\n<p class=\"MsoNormal\">08 microfones shure gosneck MX 412- DS<\/p>\n<p class=\"MsoNormal\">04 microfones shure gosneck MX 418- DS<\/p>\n<p class=\"MsoNormal\">04 microfone shure beta SM 57<\/p>\n<p class=\"MsoNormal\">02 Microfone shure&nbsp; beta SM 91<\/p>\n<p class=\"MsoNormal\">04 Microfone shure beta SM 52<\/p>\n<p class=\"MsoNormal\">22 Microfone shure &nbsp;SM 57<\/p>\n<p class=\"MsoNormal\">10 Microfone shure beta SM 56<\/p>\n<p class=\"MsoNormal\">10 Microfone shure &nbsp;SM 81<\/p>\n<p class=\"MsoNormal\">10 Microfone shure beta SM 58<\/p>\n<p class=\"MsoNormal\">24 Microfone shure &nbsp;SM 58<\/p>\n<p class=\"MsoNormal\">05 Microfone shure beta SM 98<\/p>\n<p class=\"MsoNormal\">01 Microfone shure&nbsp; SM 85<\/p>\n<p class=\"MsoNormal\">06 Microfone sennheiser E835<\/p>\n<p class=\"MsoNormal\">09 Microfone sennheiser E604<\/p>\n<p class=\"MsoNormal\">06 Microfone sennheiser MD421<\/p>\n<p class=\"MsoNormal\">04 Microfones AKG C1000.<\/p>\n<p class=\"MsoNormal\">03 Microfone AKG D112.<\/p>\n<p class=\"MsoNormal\">08 Microfone AKG D5<\/p>\n<p class=\"MsoNormal\">01 Microfone AKG C411.<\/p>\n<p class=\"MsoNormal\">03 Microfone AKG D112.<\/p>\n<p class=\"MsoNormal\">05 Microfone AKG C419<\/p>\n<p class=\"MsoNormal\">02 Microfones byerdinamic<\/p>\n<p class=\"MsoNormal\">02 Microfone superlux pro 628<\/p>\n<p class=\"MsoNormal\">01 Microfone superlux pro 218A<\/p>\n<p class=\"MsoNormal\">05 Microfone superlux pro 268A<\/p>\n<p class=\"MsoNormal\">11 Microfone superlux pro 258A<\/p>\n<p class=\"MsoNormal\">19 Microfone superlux pro 228A<\/p>\n<p class=\"MsoNormal\">02 Microfone superlux pro 268B<\/p>\n<p class=\"MsoNormal\">05 Microfone superlux cmh \u2013 8k <\/p>\n<p class=\"MsoNormal\">01 Microfone superlux pro 288A<\/p>\n<p class=\"MsoNormal\">10 microfones gosneck tsi e yoga<\/p>\n<p class=\"MsoNormal\">03 Microfone jts nx2.<\/p>\n<p class=\"MsoNormal\"><b>SISTEMAS WIRELESS DE EAR E MICROFONES<\/b>&nbsp;<\/p>\n<p class=\"MsoNormal\">02 microfones UR 4 duplo com capsula shure beta 58.<\/p>\n<p class=\"MsoNormal\">10 antenas shure SH-UA870.<\/p>\n<p class=\"MsoNormal\">05 distribuidor de antena SH-UA844.<\/p>\n<p class=\"MsoNormal\">13 microfones sem fio shure slx 12485\/sm58 combo lapela ou \nbast\u00e3o ou head set.<\/p>\n<p class=\"MsoNormal\">12 microfones sem fio shure slx SM 58 beta bast\u00e3o<\/p>\n<p class=\"MsoNormal\">03 sistema shure de ear fone psm 900. <\/p>\n<p class=\"MsoNormal\">03 microfones sem fio shure slx SM 85 beta bast\u00e3o<\/p>\n<p class=\"MsoNormal\">08 sistemas wirels gs 2 sennheiser para instrumento<\/p>\n<p class=\"MsoNormal\">04 antenas com 02 distrinuidor ASA 1 sennheiser.<\/p>\n<p class=\"MsoNormal\">24 fones porta pro koss.<\/p>\n<p class=\"MsoNormal\">24 fones akg 414.<\/p>\n<p class=\"MsoNormal\"><b>DIRECTS CABOS TRIPES EXTEN\u00c7OES E ACESSORIOS EM GERAL<\/b><\/p>\n<p class=\"MsoNormal\">46 direct Box whirlwind imp2<\/p>\n<p class=\"MsoNormal\"><span lang=\"EN-US\">17 direct box behringuer DI 100.<\/span><\/p>\n<p class=\"MsoNormal\">03 multicabos no case de 56 vias com 80 mts PA X 20 mts \nmonitor.<\/p>\n<p class=\"MsoNormal\">01 multicabo de 36 vias de 50 mts de PA X 20 mts de \nmonitor.<\/p>\n<p class=\"MsoNormal\">01 multicabo de&nbsp; 24 vias de 50 mts de PA x 20 mts de \nmonitor.<\/p>\n<p class=\"MsoNormal\">280 cabos canom x canom .<\/p>\n<p class=\"MsoNormal\">120 cabos p10 x p10.<\/p>\n<p class=\"MsoNormal\">08 subsnacke de 12 vias com multipino e 04 cabos.<\/p>\n<p class=\"MsoNormal\">40 exten\u00e7oes para fone.<\/p>\n<p class=\"MsoNormal\">08 subsnacker de 12 vias<\/p>\n<p class=\"MsoNormal\">08 subsnacker de 06 vias.<\/p>\n<p class=\"MsoNormal\">80 pedestais de mic girafa<\/p>\n<p class=\"MsoNormal\">20 pedestais de mic mirin.<\/p>\n<p class=\"MsoNormal\">40 garras de mic de LP.<\/p>\n<p class=\"MsoNormal\">40 suporte para caixa de som de parede.(som linha)<\/p>\n<p class=\"MsoNormal\">16 tripess de caixa de som.<\/p>\n<p class=\"MsoNormal\">03 main Power&nbsp; mpl com trafo de 5000w para110v estabilizado \nisolado <\/p>\n<p class=\"MsoNormal\">40 extens\u00f5es ac ac\u00fastic<\/p>\n\n\n\t\t<\/div> \n\t<\/div> \n\t\t<\/div> \n\t<\/div> \n<\/div>\n","protected":false},"excerpt":{"rendered":"Rela\u00e7\u00e3o de equipamentos de Sonoriza\u00e7\u00e3o CAIXAS DE SOM 16 caixas de som line array aero 50 das. 32 caixas de som line array aero 12 das. 48 caixas de som line array staner la 902 24 caixas de sub grave sb 850 eaw cover VS....","protected":false},"author":1,"featured_media":0,"parent":0,"menu_order":0,"comment_status":"open","ping_status":"open","template":"","meta":{"footnotes":""},"class_list":["post-4527","page","type-page","status-publish","hentry"],"_links":{"self":[{"href":"http:\/\/jeffersom.com.br\/v21\/wp-json\/wp\/v2\/pages\/4527","targetHints":{"allow":["GET"]}}],"collection":[{"href":"http:\/\/jeffersom.com.br\/v21\/wp-json\/wp\/v2\/pages"}],"about":[{"href":"http:\/\/jeffersom.com.br\/v21\/wp-json\/wp\/v2\/types\/page"}],"author":[{"embeddable":true,"href":"http:\/\/jeffersom.com.br\/v21\/wp-json\/wp\/v2\/users\/1"}],"replies":[{"embeddable":true,"href":"http:\/\/jeffersom.com.br\/v21\/wp-json\/wp\/v2\/comments?post=4527"}],"version-history":[{"count":7,"href":"http:\/\/jeffersom.com.br\/v21\/wp-json\/wp\/v2\/pages\/4527\/revisions"}],"predecessor-version":[{"id":7415,"href":"http:\/\/jeffersom.com.br\/v21\/wp-json\/wp\/v2\/pages\/4527\/revisions\/7415"}],"wp:attachment":[{"href":"http:\/\/jeffersom.com.br\/v21\/wp-json\/wp\/v2\/media?parent=4527"}],"curies":[{"name":"wp","href":"https:\/\/api.w.org\/{rel}","templated":true}]}}